{"id":129,"date":"2020-05-06T16:42:29","date_gmt":"2020-05-06T15:42:29","guid":{"rendered":"https:\/\/stedelijkoss.nl\/?page_id=129"},"modified":"2026-01-17T16:28:36","modified_gmt":"2026-01-17T15:28:36","slug":"vliegseizoen","status":"publish","type":"page","link":"https:\/\/stedelijkoss.nl\/?page_id=129","title":{"rendered":"VLIEGSEIZOEN"},"content":{"rendered":"\t\t<div data-elementor-type=\"wp-page\" data-elementor-id=\"129\" class=\"elementor elementor-129\">\n\t\t\t\t\t\t<section class=\"elementor-section elementor-top-section elementor-element elementor-element-c5a225c elementor-section-stretched elementor-section-height-min-height elementor-section-boxed elementor-section-height-default elementor-section-items-middle\" data-id=\"c5a225c\" data-element_type=\"section\" data-e-type=\"section\" data-settings=\"{&quot;stretch_section&quot;:&quot;section-stretched&quot;,&quot;background_background&quot;:&quot;classic&quot;}\">\n\t\t\t\t\t\t\t<div class=\"elementor-background-overlay\"><\/div>\n\t\t\t\t\t\t\t<div class=\"elementor-container elementor-column-gap-default\">\n\t\t\t\t\t<div class=\"elementor-column elementor-col-100 elementor-top-column elementor-element elementor-element-1e271eb\" data-id=\"1e271eb\" data-element_type=\"column\" data-e-type=\"column\">\n\t\t\t<div class=\"elementor-widget-wrap elementor-element-populated\">\n\t\t\t\t\t\t<div class=\"elementor-element elementor-element-8366269 animated-fast elementor-invisible elementor-widget elementor-widget-heading\" data-id=\"8366269\" data-element_type=\"widget\" data-e-type=\"widget\" data-settings=\"{&quot;_animation&quot;:&quot;rollIn&quot;}\" data-widget_type=\"heading.default\">\n\t\t\t\t<div class=\"elementor-widget-container\">\n\t\t\t\t\t<h1 class=\"elementor-heading-title elementor-size-default\">VLIEGSEIZOEN<\/h1>\t\t\t\t<\/div>\n\t\t\t\t<\/div>\n\t\t\t\t<section class=\"elementor-section elementor-inner-section elementor-element elementor-element-c63f91b elementor-section-boxed elementor-section-height-default elementor-section-height-default\" data-id=\"c63f91b\" data-element_type=\"section\" data-e-type=\"section\">\n\t\t\t\t\t\t<div class=\"elementor-container elementor-column-gap-default\">\n\t\t\t\t\t<div class=\"elementor-column elementor-col-20 elementor-inner-column elementor-element elementor-element-21d5e4f elementor-hidden-mobile\" data-id=\"21d5e4f\" data-element_type=\"column\" data-e-type=\"column\">\n\t\t\t<div class=\"elementor-widget-wrap\">\n\t\t\t\t\t\t\t<\/div>\n\t\t<\/div>\n\t\t\t\t<div class=\"elementor-column elementor-col-20 elementor-inner-column elementor-element elementor-element-6408296\" data-id=\"6408296\" data-element_type=\"column\" data-e-type=\"column\">\n\t\t\t<div class=\"elementor-widget-wrap elementor-element-populated\">\n\t\t\t\t\t\t<div class=\"elementor-element elementor-element-4c83d13 elementor-align-center elementor-widget elementor-widget-button\" data-id=\"4c83d13\" data-element_type=\"widget\" data-e-type=\"widget\" data-widget_type=\"button.default\">\n\t\t\t\t<div class=\"elementor-widget-container\">\n\t\t\t\t\t\t\t\t\t<div class=\"elementor-button-wrapper\">\n\t\t\t\t\t<a class=\"elementor-button elementor-button-link elementor-size-sm elementor-animation-grow\" href=\"#Vluchten\">\n\t\t\t\t\t\t<span class=\"elementor-button-content-wrapper\">\n\t\t\t\t\t\t\t\t\t<span class=\"elementor-button-text\">Vluchten<\/span>\n\t\t\t\t\t<\/span>\n\t\t\t\t\t<\/a>\n\t\t\t\t<\/div>\n\t\t\t\t\t\t\t\t<\/div>\n\t\t\t\t<\/div>\n\t\t\t\t\t<\/div>\n\t\t<\/div>\n\t\t\t\t<div class=\"elementor-column elementor-col-20 elementor-inner-column elementor-element elementor-element-ede4a91\" data-id=\"ede4a91\" data-element_type=\"column\" data-e-type=\"column\">\n\t\t\t<div class=\"elementor-widget-wrap elementor-element-populated\">\n\t\t\t\t\t\t<div class=\"elementor-element elementor-element-46b73fc elementor-align-center elementor-widget__width-inherit elementor-widget elementor-widget-button\" data-id=\"46b73fc\" data-element_type=\"widget\" data-e-type=\"widget\" data-widget_type=\"button.default\">\n\t\t\t\t<div class=\"elementor-widget-container\">\n\t\t\t\t\t\t\t\t\t<div class=\"elementor-button-wrapper\">\n\t\t\t\t\t<a class=\"elementor-button elementor-button-link elementor-size-sm elementor-animation-grow\" href=\"#Vliegschema\">\n\t\t\t\t\t\t<span class=\"elementor-button-content-wrapper\">\n\t\t\t\t\t\t\t\t\t<span class=\"elementor-button-text\">Vliegschema<\/span>\n\t\t\t\t\t<\/span>\n\t\t\t\t\t<\/a>\n\t\t\t\t<\/div>\n\t\t\t\t\t\t\t\t<\/div>\n\t\t\t\t<\/div>\n\t\t\t\t\t<\/div>\n\t\t<\/div>\n\t\t\t\t<div class=\"elementor-column elementor-col-20 elementor-inner-column elementor-element elementor-element-92caf61\" data-id=\"92caf61\" data-element_type=\"column\" data-e-type=\"column\">\n\t\t\t<div class=\"elementor-widget-wrap elementor-element-populated\">\n\t\t\t\t\t\t<div class=\"elementor-element elementor-element-40f3642 elementor-align-center elementor-widget__width-inherit elementor-widget elementor-widget-button\" data-id=\"40f3642\" data-element_type=\"widget\" data-e-type=\"widget\" data-widget_type=\"button.default\">\n\t\t\t\t<div class=\"elementor-widget-container\">\n\t\t\t\t\t\t\t\t\t<div class=\"elementor-button-wrapper\">\n\t\t\t\t\t<a class=\"elementor-button elementor-button-link elementor-size-sm elementor-animation-grow\" href=\"#Aankomsttijd\">\n\t\t\t\t\t\t<span class=\"elementor-button-content-wrapper\">\n\t\t\t\t\t\t\t\t\t<span class=\"elementor-button-text\">Aankomsttijd<\/span>\n\t\t\t\t\t<\/span>\n\t\t\t\t\t<\/a>\n\t\t\t\t<\/div>\n\t\t\t\t\t\t\t\t<\/div>\n\t\t\t\t<\/div>\n\t\t\t\t\t<\/div>\n\t\t<\/div>\n\t\t\t\t<div class=\"elementor-column elementor-col-20 elementor-inner-column elementor-element elementor-element-f677ca6\" data-id=\"f677ca6\" data-element_type=\"column\" data-e-type=\"column\">\n\t\t\t<div class=\"elementor-widget-wrap\">\n\t\t\t\t\t\t\t<\/div>\n\t\t<\/div>\n\t\t\t\t\t<\/div>\n\t\t<\/section>\n\t\t\t\t<div class=\"elementor-element elementor-element-b0cb480 elementor-widget elementor-widget-menu-anchor\" data-id=\"b0cb480\" data-element_type=\"widget\" data-e-type=\"widget\" data-widget_type=\"menu-anchor.default\">\n\t\t\t\t<div class=\"elementor-widget-container\">\n\t\t\t\t\t\t\t<div class=\"elementor-menu-anchor\" id=\"Vluchten\"><\/div>\n\t\t\t\t\t\t<\/div>\n\t\t\t\t<\/div>\n\t\t\t\t<div class=\"elementor-element elementor-element-e90cdbd elementor-widget elementor-widget-heading\" data-id=\"e90cdbd\" data-element_type=\"widget\" data-e-type=\"widget\" data-widget_type=\"heading.default\">\n\t\t\t\t<div class=\"elementor-widget-container\">\n\t\t\t\t\t<h2 class=\"elementor-heading-title elementor-size-medium\">VLUCHTEN<\/h2>\t\t\t\t<\/div>\n\t\t\t\t<\/div>\n\t\t\t\t<section class=\"elementor-section elementor-inner-section elementor-element elementor-element-fb8ccb6 elementor-section-boxed elementor-section-height-default elementor-section-height-default\" data-id=\"fb8ccb6\" data-element_type=\"section\" data-e-type=\"section\">\n\t\t\t\t\t\t<div class=\"elementor-container elementor-column-gap-default\">\n\t\t\t\t\t<div class=\"elementor-column elementor-col-100 elementor-inner-column elementor-element elementor-element-5e2b493\" data-id=\"5e2b493\" data-element_type=\"column\" data-e-type=\"column\">\n\t\t\t<div class=\"elementor-widget-wrap elementor-element-populated\">\n\t\t\t\t\t\t<div class=\"elementor-element elementor-element-18b30e5 elementor-widget elementor-widget-text-editor\" data-id=\"18b30e5\" data-element_type=\"widget\" data-e-type=\"widget\" data-widget_type=\"text-editor.default\">\n\t\t\t\t<div class=\"elementor-widget-container\">\n\t\t\t\t\t\t\t\t\t<p>Het vliegseizoen start gewoonlijk begin april en eindigt rond eind september. Dit houdt in dat er van de lente tot de herfst (ongeveer 24 weken) trainings- en wedstrijdvluchten plaatsvinden. U heeft dus de mogelijkheid om uw duiven gedurende deze periode aan de vluchten deel te laten nemen. Aan het begin van ieder seizoen wordt een vliegprogramma opgesteld, waarin alle vluchten en relevante informatie, zoals de dagen van inkorven, tijden van inkorven en lossingsdagen, worden opgenomen.<\/p><p>De onderverdeling is als volgt:<\/p><ul><li>Vitesse. Vluchten voor oude duiven tot \u00b1 300 km.<\/li><li>Midfond. Vluchten voor oude duiven van \u00b1 300 tot \u00b1 500 km.<\/li><li>Eendaagse Fond. Vluchten voor oude duiven van \u00b1 500 tot \u00b1 800 km.<\/li><li>Overnacht Fond. Vluchten voor oude duiven boven de 800 km.<\/li><li>Tweede Tour. Vluchten voor oude duiven tot \u00b1 500 km.<\/li><li>Jonge duiven. Vluchten tot \u00b1 400 km.<\/li><li>Jonge duiven. Marathon. Vluchten tot \u00b1 500 km.<\/li><li>Natour. Vluchten voor oude- en jonge duiven tot \u00b1 300 km.<\/li><li>Speciale vluchten. Afstanden van \u00b1 800 tot \u00b1 1200 km.<\/li><\/ul><p>Ieder persoon heeft de vrijheid om deel te nemen aan \u00e9\u00e9n of meer van de genoemde categorie\u00ebn. In elke categorie zijn kampioenschappen te behalen, zowel op verenigings-, kring-, afdelings- als nationaal niveau.<\/p><p>De meeste lossingsplaatsen bevinden zich in Belgi\u00eb, Frankrijk en Spanje. De langste vlucht start in Barcelona en de duiven leggen daarbij ongeveer 1200 km af. De resultaten van elke vlucht worden opgenomen in de uitslag, die op verenigings-, kring-, afdelings- en nationaal niveau wordt gepubliceerd. Jaarlijks is er een tentoonstelling waarbij elk lid de kans krijgt zijn of haar mooiste duiven te tonen. Tijdens deze tentoonstelling zijn er verschillende prijzen te winnen. Gedurende het winterseizoen worden er maandelijks vergaderingen gehouden.<\/p>\t\t\t\t\t\t\t\t<\/div>\n\t\t\t\t<\/div>\n\t\t\t\t\t<\/div>\n\t\t<\/div>\n\t\t\t\t\t<\/div>\n\t\t<\/section>\n\t\t\t\t<div class=\"elementor-element elementor-element-f053fe4 elementor-widget-divider--view-line elementor-widget elementor-widget-divider\" data-id=\"f053fe4\" data-element_type=\"widget\" data-e-type=\"widget\" data-widget_type=\"divider.default\">\n\t\t\t\t<div class=\"elementor-widget-container\">\n\t\t\t\t\t\t\t<div class=\"elementor-divider\">\n\t\t\t<span class=\"elementor-divider-separator\">\n\t\t\t\t\t\t<\/span>\n\t\t<\/div>\n\t\t\t\t\t\t<\/div>\n\t\t\t\t<\/div>\n\t\t\t\t<div class=\"elementor-element elementor-element-7e5c7a6 elementor-widget elementor-widget-menu-anchor\" data-id=\"7e5c7a6\" data-element_type=\"widget\" data-e-type=\"widget\" data-widget_type=\"menu-anchor.default\">\n\t\t\t\t<div class=\"elementor-widget-container\">\n\t\t\t\t\t\t\t<div class=\"elementor-menu-anchor\" id=\"Vliegschema\"><\/div>\n\t\t\t\t\t\t<\/div>\n\t\t\t\t<\/div>\n\t\t\t\t<div class=\"elementor-element elementor-element-7600742 elementor-widget elementor-widget-heading\" data-id=\"7600742\" data-element_type=\"widget\" data-e-type=\"widget\" data-settings=\"{&quot;_animation&quot;:&quot;none&quot;}\" data-widget_type=\"heading.default\">\n\t\t\t\t<div class=\"elementor-widget-container\">\n\t\t\t\t\t<h2 class=\"elementor-heading-title elementor-size-medium\">CONCEPT VLIEGSCHEMA 2026. Versie 31-12-2025.<\/h2>\t\t\t\t<\/div>\n\t\t\t\t<\/div>\n\t\t\t\t<div class=\"elementor-element elementor-element-4ea424b elementor-widget elementor-widget-image\" data-id=\"4ea424b\" data-element_type=\"widget\" data-e-type=\"widget\" data-settings=\"{&quot;_animation&quot;:&quot;none&quot;}\" data-widget_type=\"image.default\">\n\t\t\t\t<div class=\"elementor-widget-container\">\n\t\t\t\t\t\t\t\t\t\t\t\t\t\t\t<img fetchpriority=\"high\" decoding=\"async\" width=\"844\" height=\"1202\" src=\"https:\/\/stedelijkoss.nl\/wp-content\/uploads\/2026\/01\/vliegschema-2.png\" class=\"attachment-full size-full wp-image-30184\" alt=\"\" srcset=\"https:\/\/stedelijkoss.nl\/wp-content\/uploads\/2026\/01\/vliegschema-2.png 844w, https:\/\/stedelijkoss.nl\/wp-content\/uploads\/2026\/01\/vliegschema-2-211x300.png 211w, https:\/\/stedelijkoss.nl\/wp-content\/uploads\/2026\/01\/vliegschema-2-719x1024.png 719w, https:\/\/stedelijkoss.nl\/wp-content\/uploads\/2026\/01\/vliegschema-2-768x1094.png 768w\" sizes=\"(max-width: 844px) 100vw, 844px\" \/>\t\t\t\t\t\t\t\t\t\t\t\t\t\t\t<\/div>\n\t\t\t\t<\/div>\n\t\t\t\t<div class=\"elementor-element elementor-element-1c65de8 elementor-widget elementor-widget-heading\" data-id=\"1c65de8\" data-element_type=\"widget\" data-e-type=\"widget\" data-widget_type=\"heading.default\">\n\t\t\t\t<div class=\"elementor-widget-container\">\n\t\t\t\t\t<h2 class=\"elementor-heading-title elementor-size-medium\">TOELICHTING VLIEGPROGRAMMA 2025.<\/h2>\t\t\t\t<\/div>\n\t\t\t\t<\/div>\n\t\t\t\t<div class=\"elementor-element elementor-element-1e8507d elementor-widget elementor-widget-text-editor\" data-id=\"1e8507d\" data-element_type=\"widget\" data-e-type=\"widget\" data-widget_type=\"text-editor.default\">\n\t\t\t\t<div class=\"elementor-widget-container\">\n\t\t\t\t\t\t\t\t\t<p style=\"text-align: center;\">Als er sprake is van een meldplicht dan is iedere deelnemer verplicht om zijn <strong><span style=\"color: #ffcc00;\">eerste geconstateerde duif<\/span><\/strong> binnen <strong><span style=\"color: #ffcc00;\">60 minuten<\/span><\/strong> te melden bij de meldpost. De overige duiven graag melden in verband met de bepaling van het verloop van de vlucht. Zie ook het huishoudelijk reglement.<\/p><p style=\"text-align: center;\"><strong><span style=\"color: #ffcc00;\">Alle uitslagen kosten \u20ac. 1,00<\/span><\/strong><\/p><p style=\"text-align: center;\">Op alle categorie\u00ebn Vitesse, Midfond, Eendaagse fond, Marathon Ochtendlossing,\u00a0 Marathon Middaglossing, Jonge duiven,\u00a0 Natour Oud en Natour Jong, Generaal Oud (Vit.\/Midf.\/Nat.Oud) en Generaal Jong worden 5 kampioenschappen aangewezen, 5 kampioenschappen onaangewezen en 5 duifkampioenshappen vervlogen. <br \/>Op de categorie\u00ebn Marathon Ochtendlossing en Marathon Middaglossing worden 5 hokkampioenschappen vervlogen.\u00a0<br \/><span style=\"color: #00ffff;\"><em>Alle disciplines hebben \u00e9\u00e9n aftrekvlucht met een minimum aantal vluchten. Bv. Midfond minimaal 4 st. <\/em><\/span><br \/><span style=\"color: #00ffff;\"><em>dus 5 v.d. 6, 4 v.d. 5, 4 v.d. 4 enz. Minimaal aantal vluchten: Vitesse 5, Midfond 4, Dagfond 4, Marathon Ochtendlossing 4, Marathon Middaglossing 4,<br \/><\/em><\/span><span style=\"color: #00ffff;\"><em>Jonge Duiven 7, Natour Jong &amp; Oud ieder 4 stuks<\/em><\/span>.<\/p><p style=\"text-align: center;\"><strong><span style=\"color: #ffcc00;\">* KAMPIOENEN HULDIGING: 2 NOVEMBER 2025.<\/span><\/strong><\/p>\t\t\t\t\t\t\t\t<\/div>\n\t\t\t\t<\/div>\n\t\t\t\t<div class=\"elementor-element elementor-element-c16fe70 elementor-widget elementor-widget-menu-anchor\" data-id=\"c16fe70\" data-element_type=\"widget\" data-e-type=\"widget\" data-widget_type=\"menu-anchor.default\">\n\t\t\t\t<div class=\"elementor-widget-container\">\n\t\t\t\t\t\t\t<div class=\"elementor-menu-anchor\" id=\"Aankomsttijd\"><\/div>\n\t\t\t\t\t\t<\/div>\n\t\t\t\t<\/div>\n\t\t\t\t<div class=\"elementor-element elementor-element-14a000c elementor-widget elementor-widget-heading\" data-id=\"14a000c\" data-element_type=\"widget\" data-e-type=\"widget\" data-widget_type=\"heading.default\">\n\t\t\t\t<div class=\"elementor-widget-container\">\n\t\t\t\t\t<h2 class=\"elementor-heading-title elementor-size-medium\">AANKOMSTTIJD(EN)<\/h2>\t\t\t\t<\/div>\n\t\t\t\t<\/div>\n\t\t\t\t<div class=\"elementor-element elementor-element-b8a5182 elementor-widget elementor-widget-image\" data-id=\"b8a5182\" data-element_type=\"widget\" data-e-type=\"widget\" data-widget_type=\"image.default\">\n\t\t\t\t<div class=\"elementor-widget-container\">\n\t\t\t\t\t\t\t\t\t\t\t\t\t\t\t\t<a href=\"https:\/\/stedelijkoss.nl\/wp-content\/uploads\/2025\/09\/aankomst1-9-1.png\" data-elementor-open-lightbox=\"yes\" data-e-action-hash=\"#elementor-action%3Aaction%3Dlightbox%26settings%3DeyJpZCI6Mjk4ODAsInVybCI6ZmFsc2V9\">\n\t\t\t\t\t\t\t<img decoding=\"async\" src=\"https:\/\/stedelijkoss.nl\/wp-content\/uploads\/2025\/09\/aankomst1-9-1.png\" title=\"\" alt=\"\" loading=\"lazy\" \/>\t\t\t\t\t\t\t\t<\/a>\n\t\t\t\t\t\t\t\t\t\t\t\t\t\t\t<\/div>\n\t\t\t\t<\/div>\n\t\t\t\t\t<\/div>\n\t\t<\/div>\n\t\t\t\t\t<\/div>\n\t\t<\/section>\n\t\t\t\t<\/div>\n\t\t","protected":false},"excerpt":{"rendered":"<p>VLIEGSEIZOEN Vluchten Vliegschema Aankomsttijd VLUCHTEN Het vliegseizoen start gewoonlijk begin april en eindigt rond eind september. Dit houdt in dat er van de lente tot de herfst (ongeveer 24 weken) trainings- en wedstrijdvluchten plaatsvinden. U heeft dus de mogelijkheid om uw duiven gedurende deze periode aan de vluchten deel te laten nemen. Aan het begin [&hellip;]<\/p>\n","protected":false},"author":1,"featured_media":0,"parent":0,"menu_order":0,"comment_status":"closed","ping_status":"closed","template":"","meta":{"site-sidebar-layout":"no-sidebar","site-content-layout":"page-builder","ast-site-content-layout":"default","site-content-style":"default","site-sidebar-style":"default","ast-global-header-display":"","ast-banner-title-visibility":"","ast-main-header-display":"","ast-hfb-above-header-display":"","ast-hfb-below-header-display":"","ast-hfb-mobile-header-display":"","site-post-title":"disabled","ast-breadcrumbs-content":"","ast-featured-img":"disabled","footer-sml-layout":"","ast-disable-related-posts":"","theme-transparent-header-meta":"default","adv-header-id-meta":"","stick-header-meta":"","header-above-stick-meta":"","header-main-stick-meta":"","header-below-stick-meta":"","astra-migrate-meta-layouts":"default","ast-page-background-enabled":"default","ast-page-background-meta":{"desktop":{"background-color":"","background-image":"","background-repeat":"repeat","background-position":"center center","background-size":"auto","background-attachment":"scroll","background-type":"","background-media":"","overlay-type":"","overlay-color":"","overlay-opacity":"","overlay-gradient":""},"tablet":{"background-color":"","background-image":"","background-repeat":"repeat","background-position":"center center","background-size":"auto","background-attachment":"scroll","background-type":"","background-media":"","overlay-type":"","overlay-color":"","overlay-opacity":"","overlay-gradient":""},"mobile":{"background-color":"","background-image":"","background-repeat":"repeat","background-position":"center center","background-size":"auto","background-attachment":"scroll","background-type":"","background-media":"","overlay-type":"","overlay-color":"","overlay-opacity":"","overlay-gradient":""}},"ast-content-background-meta":{"desktop":{"background-color":"var(--ast-global-color-5)","background-image":"","background-repeat":"repeat","background-position":"center center","background-size":"auto","background-attachment":"scroll","background-type":"","background-media":"","overlay-type":"","overlay-color":"","overlay-opacity":"","overlay-gradient":""},"tablet":{"background-color":"var(--ast-global-color-5)","background-image":"","background-repeat":"repeat","background-position":"center center","background-size":"auto","background-attachment":"scroll","background-type":"","background-media":"","overlay-type":"","overlay-color":"","overlay-opacity":"","overlay-gradient":""},"mobile":{"background-color":"var(--ast-global-color-5)","background-image":"","background-repeat":"repeat","background-position":"center center","background-size":"auto","background-attachment":"scroll","background-type":"","background-media":"","overlay-type":"","overlay-color":"","overlay-opacity":"","overlay-gradient":""}},"footnotes":""},"class_list":["post-129","page","type-page","status-publish","hentry"],"_links":{"self":[{"href":"https:\/\/stedelijkoss.nl\/index.php?rest_route=\/wp\/v2\/pages\/129","targetHints":{"allow":["GET"]}}],"collection":[{"href":"https:\/\/stedelijkoss.nl\/index.php?rest_route=\/wp\/v2\/pages"}],"about":[{"href":"https:\/\/stedelijkoss.nl\/index.php?rest_route=\/wp\/v2\/types\/page"}],"author":[{"embeddable":true,"href":"https:\/\/stedelijkoss.nl\/index.php?rest_route=\/wp\/v2\/users\/1"}],"replies":[{"embeddable":true,"href":"https:\/\/stedelijkoss.nl\/index.php?rest_route=%2Fwp%2Fv2%2Fcomments&post=129"}],"version-history":[{"count":613,"href":"https:\/\/stedelijkoss.nl\/index.php?rest_route=\/wp\/v2\/pages\/129\/revisions"}],"predecessor-version":[{"id":30367,"href":"https:\/\/stedelijkoss.nl\/index.php?rest_route=\/wp\/v2\/pages\/129\/revisions\/30367"}],"wp:attachment":[{"href":"https:\/\/stedelijkoss.nl\/index.php?rest_route=%2Fwp%2Fv2%2Fmedia&parent=129"}],"curies":[{"name":"wp","href":"https:\/\/api.w.org\/{rel}","templated":true}]}}